15/2*b**3 + 0 + 4*b + b**2. What are the prime factors of d(-1)?
47
Let f(a) = 26*a**3 + a**2 - a + 1. Let y be f(1). Suppose 0 = -5*g + 4*t - 87, g - 3*g + 5*t = 28. Let i = y + g. What are the prime factors of i?
2
List the prime factors of 430/(-180)*-92 + 2/9.
2, 5, 11
Suppose -2*y = -4*c + 68, 5*c + 8*y = 3*y + 85. Suppose c*h - 990 = 8*h. What are the prime factors of h?
2, 5, 11
Let b = -7353 + 12259. List the prime factors of b.
2, 11, 223
Let b(j) be the first derivative of -j**4/4 + 3*j**3 + 4*j**2 + 10*j - 2. Let r be b(10). List the prime factors of (-3 + 13)*(-6)/r.
2, 3
Let h(s) = 2*s**3 - 13*s**2 - 60*s + 9. List the prime factors of h(16).
7, 13, 43
Let h be (3/9)/(2/30). Let k be (-4)/18 + 930/54. Let q = h + k. What are the prime factors of q?
2, 11
Suppose 12*m - 29 - 31 = 0. Suppose m*k - 7*k + 82 = 0. What are the prime factors of k?
41
Let s(j) = -j**3 + 7*j**2 - 7*j + 7. Let c be s(6). Let p(r) = 67*r**3 + 2*r**2 - 2*r + 1. List the prime factors of p(c).
2, 17
Let i = 1927 + -1150. Suppose 0 = -4*b + i - 61. Suppose -o + 32 = -4*v, v = -6*o + 2*o + b. List the prime factors of o.
2, 11
Let y(b) = -b**2 + 23*b - 7. What are the prime factors of y(11)?
5
List the prime factors of (-5)/((-45)/7137) - (-1)/(-1).
2, 3, 11
Let z(w) be the third derivative of 0*w + 0 + 1/30*w**5 + 1/24*w**4 - 15*w**2 - 2/3*w**3. List the prime factors of z(-3).
11
Let n(d) = -4*d - 3. Let x(c) = 6*c + 5. Let v(j) = -8*n(j) - 5*x(j). Let f be v(-6). Let l = f + 31. List the prime factors of l.
2, 3
Let c(i) = 2*i**2 + i + 5. Let g be c(-7). Suppose 2*j + 400 = 5*t - 108, -t + g = j. List the prime factors of t.
2, 5
Let z(b) = b**2 + 4*b + 6. Let u be 6/(-15) + 144/(-15). Let i be z(u). Let q = -21 + i. List the prime factors of q.
3, 5
Suppose 3*k = -3*d + 771, 2*d = 12*k - 15*k + 772. What are the prime factors of k?
2, 3, 43
Suppose -6*x - 16 + 4 = 0. List the prime factors of 1 + (143 - (-3 + x)).
149
Let t(d) = 53*d**2 - 58*d - 176. List the prime factors of t(-3).
5, 19
Suppose 0 = 3*b + 3*f, -3*f = -5*f. Let j be 62 + (24/(-4) - -4). Suppose -6*l + l + j = b. List the prime factors of l.
2, 3
Let d(r) = 29*r + 28*r + 32*r + 25*r**2 - 10 - 85*r. What are the prime factors of d(2)?
2, 7
Suppose h + 0 = -g - 12, -5*h - 36 = 2*g. Let s = 11 + g. Suppose 0 = -2*d + s*c + 8 + 9, -4*c = 3*d - 34. What are the prime factors of d?
2, 5
Let y(t) = 15*t + 21. Let b(g) = -g**3 + 7*g**2 - 10*g - 2. Let i be b(3). What are the prime factors of y(i)?
3
Let k(x) = x**3 + 3*x**2 - 6*x - 6. Let a be k(-4). Let i be (a*5)/((-4)/(-4)). Suppose -w - 10 = -4*s + 3*s, s + w = i. List the prime factors of s.
2, 5
Suppose 4*a + x = 6*a - 1212, -5*x + 606 = a. List the prime factors of a.
2, 3, 101
Suppose 0*i - 4 = -i. What are the prime factors of i/(-14) + 2028/42?
2, 3
Let q be (-8)/24 - (2 - (-46)/6). What are the prime factors of ((-45)/q)/((-2)/(-28))?
3, 7
Let i be 3 - (-9)/(-3) - -1. Suppose t = -9 - i. List the prime factors of t/(-35) - (-222)/7.
2
Let f(i) = 26*i - 15. Let c be f(-6). Let s = 243 + c. List the prime factors of s.
2, 3
Let z be (132/(-15))/2*(-1 - 4). Suppose z = -3*o + 88. What are the prime factors of o?
2, 11
Let n(a) = a**2 - 2. Suppose -g - 5*b + 16 = 0, -4*b + 17 = -2*g - 7. List the prime factors of n(g).
2, 7
Let r be 10/4*4302/45. Suppose z = -j + 79, -j - z + r = 2*j. List the prime factors of j.
2, 5
Let x be (-15)/60 - (-298)/8. Let m = 2 - -1. Suppose 0*p = m*z + 3*p - 42, 3*z - x = 2*p. What are the prime factors of z?
13
Let r = 10 - 6. Let l be (-1)/r + 3/12. Suppose 45 = -l*p + 3*p. What are the prime factors of p?
3, 5
Let d be 6/(-12) - 50/(-4). Suppose -m - 26 = -3*b, b - m = -0*b + d. Let s(k) = 2*k. What are the prime factors of s(b)?
2, 7
Let n = 88 + -59. Let p be (12/18)/((-4)/(-78)). Suppose -n - p = -2*t. What are the prime factors of t?
3, 7
Let j = -2837 + 4096. List the prime factors of j.
1259
Let y(l) = -36*l + 11. Suppose -6 = 4*d + 5*i, d - 3*i = -4*i - 2. List the prime factors of y(d).
5, 31
Let j be (-2)/(-2*2/6). Suppose -13 + 4 = -j*f. Let w(r) = 2*r**3 + 2*r**2 - r + 3. What are the prime factors of w(f)?
2, 3
Suppose 0 = v - 4, 0 = 4*g - v - v. Suppose 2*b + f = 73, g*b - 4*f = -18 + 106. What are the prime factors of b?
2, 19
List the prime factors of ((-4 - 135/(-10)) + 2)*14.
7, 23
Let r = 47 - 47. Suppose -2*v + 128 = 4*d + 34, d - 2*v - 31 = r. What are the prime factors of d?
5
Let a(b) = -2*b - 4. Suppose -2*u = -6*u. Let p be a(u). What are the prime factors of 536/24 - p/6?
23
Let q(f) = 15*f - 13. Let u(c) = c + 1. Let x(d) = q(d) + 3*u(d). What are the prime factors of x(6)?
2, 7
What are the prime factors of 1/(-5) + -11244*5/(-100)?
2, 281
Suppose v - 2*r - 13 = 0, 2*v = v - 5*r - 22. List the prime factors of (-4)/(-1) + v + 37.
2, 11
Suppose -26 = -5*h - 1. Suppose 5*q = 5*y + 60, 4*q = -0*q - h*y + 3. List the prime factors of q.
7
Let c be (-21)/2*52/39. Let d(r) = r**3 + 15*r**2 + 12*r + 17. List the prime factors of d(c).
3, 5
Suppose 0 = -48*a + 7608 + 984. List the prime factors of a.
179
Suppose -4*v + 2*v = -3*d + 12, -4*v - 5*d - 24 = 0. Let g be (33 + 0)/(7 + v). Let p = g + -3. List the prime factors of p.
2, 3, 5
Let o be 3/(-2*(-9)/96). Let k(c) = c**3 - 15*c**2 - 9*c + 13. List the prime factors of k(o).
5
Let i = -121 - -413. Suppose -5*a - 7*b = -3*b - i, 5*a - 2*b = 274. List the prime factors of a.
2, 7
Let t(x) be the second derivative of x**4/12 - x**3/3 + x**2 - 15*x. Suppose -2*s = -s - 3. What are the prime factors of t(s)?
5
Suppose -99 = -11*r - 0*r. Let i(d) = -d**3 + 10*d**2 + 12*d - 22. List the prime factors of i(r).
167
Suppose 0 - 4 = 4*x, -i - 5*x = 25. Let l = i - -86. Suppose 0*c - 2*c = -l. What are the prime factors of c?
3, 11
Suppose -3*c + 52 = -2*v + 3*v, -3*v = 4*c - 171. Let j = v + -49. List the prime factors of j.
2, 3
Let y = 63 - 60. Suppose y*v - 115 - 65 = 0. List the prime factors of v.
2, 3, 5
Let s(y) = -2*y. Let v be s(-1). Suppose 0 = -v*f - f + 225. Let d = f - 40. List the prime factors of d.
5, 7
Let p(n) = -273*n + 288. List the prime factors of p(-4).
2, 3, 5, 23
Let f(m) be the first derivative of -1/4*m**4 + 3 - 6*m - 13/3*m**3 - 7*m**2. What are the prime factors of f(-12)?
2, 3
Let n be -1*(67 + -4) + 0. Let l = n + 127. List the prime factors of l.
2
Suppose -5*j = 5*j - 4310. List the prime factors of j.
431
Suppose 4*s - 5*t = 4353, 2*s - 4*s + 2171 = 3*t. List the prime factors of s.
1087
Suppose -4*s = -z - 240, -19 = 4*s - 3. List the prime factors of ((z/(-3))/8)/((-1)/(-18)).
2, 3
Let q = 3249 + -779. List the prime factors of q.
2, 5, 13, 19
Suppose -1 = -3*m - 4, 0 = l + 4*m. Let a(p) = 13*p - 2. Let q(d) = -25*d + 3. Let c(k) = l*q(k) + 7*a(k). List the prime factors of c(-3).
5
Let q = -387 - -977. Suppose -4*p = 0, 0 = 5*v - 0*p + 2*p - q. List the prime factors of v.
2, 59
Let y = -485 + 685. Suppose -v = -5*v - 4*m + y, 0 = -3*v - 4*m + 151. What are the prime factors of v?
7
Let k = 229 - -1521. What are the prime factors of k?
2, 5, 7
Let j be ((-5)/(-10))/((-2)/4). Let q(a) = -15*a + 1. Let k be q(j). Suppose o = -1 + 2, -o + k = 5*x. List the prime factors of x.
3
Let k = -51 + 74. Let m = 37 - k. What are the prime factors of m?
2, 7
Let q be (-1)/2 + 7/2. Let f be 2/q + (-32)/3. Let w = f - -13. What are the prime factors of w?
3
Let b = 105 - -458. List the prime factors of b.
563
Let g be 4/34 - 355/(-17). Let l = 25 - g. Suppose 84 = l*h - h. List the prime factors of h.
2, 7
Suppose 4*r = y + 4, 6*r + 12 = r - 3*y. What are the prime factors of (-5)/(-2)*(r - -8)?
2, 5
Suppose -y - 2*u + 440 = 0, -5*y + 2245 = -12*u + 13*u. List the prime factors of y.
2, 3, 5
Suppose -53*y = -14837 - 40707. What are the prime factors of y?
2, 131
Let j(g) = -g**3 - 3*g**2 + 9*g - 17. Let l be j(-8). Suppose k - l = 4*a, -2*k - k + 693 = -5*a. List the prime factors of k.
3, 7, 11
Suppose 4*d + 12*d = 9536. List the prime factors of d.
2, 149
Let j(w) = -w**2 + 3*w - 1. Let k(x) = x**2 - 3*x. Let o(a) = 3*j(a) + 4*k(a). Let d = -6 + 3. List the prime factors of o(d).
3, 5
Let f = -2648 + 6535. What are the prime factors of f?
13, 23
Let g(v) = 992 - 992 - 42*v. What are the prime factors of g(-1)?
2, 3, 7
W